e x(0).
-6
Let s(k) = -2*k**3 - 4*k**2 + 5*k - 1. Let c(q) = q**3 + 4*q**2 - 4*q + 1. Let t(o) = 3*c(o) + 2*s(o). Determine t(2).
5
Let v(j) be the third derivative of j**9/60480 + j**8/3360 + j**7/1680 - j**6/120 - j**5/15 + 3*j**2. Let q(a) be the third derivative of v(a). Give q(-5).
4
Let f(q) be the third derivative of -q**5/30 + 5*q**4/24 - q**3/3 - 2*q**2. Suppose -12 + 2 = -2*y. Let l = y + -2. What is f(l)?
-5
Let l(a) = -a**3 - 7*a**2 - 6*a. Let s(q) = 2*q**2 - 2*q + 2. Let p be s(2). Suppose -18 = -3*r + p*r. What is l(r)?
0
Let j(i) be the second derivative of 7*i**3/6 - 3*i. Give j(-1).
-7
Let j = 1 - 3. Let a be ((-2)/(j/(-1)))/(-1). Let l(d) be the third derivative of -d**5/12 + d**4/12 - d**3/6 + d**2. Determine l(a).
-4
Let x(n) = -n + 17 - 20 + 2*n. What is x(4)?
1
Let u be (9/(-6))/(1/(-4)). Suppose -4*s = 2*i - 2*s - u, 0 = 3*i - 2*s + 6. Let l be -3 - i*1/(-2). Let b(m) = m**3 + 2*m**2 - 3*m + 3. Calculate b(l).
3
Let z = 16 + -11. Let r(v) = v**3 - 4*v**2 - 5*v. Let u be r(z). Let b(s) = -s**2 + 1 + u*s**2 + 5*s + 2. Give b(5).
3
Let d(j) be the second derivative of -j**3/2 + 2*j**2 + 265*j. Suppose 5*x = -5*b - 1 + 16, 6 = 2*x + 3*b. Give d(x).
-5
Let q(s) be the first derivative of 2 - s + 3/2*s**2. Let j be 27/21 - (-10)/(-35). What is q(j)?
2
Let i(m) be the second derivative of -m**5/20 - 3*m**4/4 + 2*m**3 + 13*m**2/2 + 46*m. What is i(-10)?
-7
Let g = 9 + -13. Let p(s) = -2*s**2 - 17*s - 3. Let y(f) = f**2 + 8*f + 2. Let b(u) = -2*p(u) - 5*y(u). What is b(g)?
4
Let g be (0/(-1))/(0 + -2). Let f(q) = -3*q + 8*q - 2 + g + q**2 + 0*q. Give f(-6).
4
Let s(k) be the first derivative of 0*k**3 + 4 + 3*k + 1/4*k**4 + 2*k**2. Calculate s(-2).
-13
Let x(q) = -3*q - 8 - 7 + 4. Let y(p) = 3*p + 10. Let d(o) = o**3 - 7*o**2 + 4*o + 5. Let n be d(6). Let t(s) = n*y(s) - 6*x(s). Determine t(-3).
5
Let s(f) = -9*f + 1. Let o be 3*(-6)/9*6/4. Give s(o).
28
Let a(v) = -v**3 - v**2 - v + 1. Let c = -13 + 7. Let b be (-2)/c - 2/6. Let y be 2 + (b - 0) + -2. Give a(y).
1
Let y = 5 - 3. Let l(s) be the first derivative of 2*s**3/3 - s**2/2 + 3*s - 3. Let f(p) be the first derivative of l(p). Calculate f(y).
7
Let x(a) = -a**3 + 7*a**2 + 7*a + 9. Let s(y) = y**3 - y**2 + 3*y - 2. Let w be s(2). Give x(w).
1
Let w be 7/(-7) + -1*3. Let k(i) = -2*i - 7. Let v be k(w). Let u(d) = 6 + 0*d**2 - 6*d**2 - d**3 + 3 - v. Calculate u(-6).
8
Suppose 5*l + 30 = 80. Let t(j) = j - 14. Determine t(l).
-4
Let i(h) = -4*h. Suppose -9 = -4*d + 3. Suppose -2*v + 5 + 11 = 5*r, -v + 8 = d*r. Let y be (-18)/v + (-5)/(-20). Calculate i(y).
8
Let y(x) = -x**3 - x + 2*x + 2*x - 1 - 3*x**2. Let n be 6/15 - (-22)/(-5). Determine y(n).
3
Let g(u) = -2*u + 10. Let k be ((-5)/(-4))/(2/8). Let d be g(k). Let j(w) = -w - 5 + 0 + 1. Determine j(d).
-4
Suppose -b = 5*w - 14, -4*b + 3*w = 42 - 6. Let i(n) = -n**2 - 4*n - 2. Calculate i(b).
-14
Let y(o) be the second derivative of o**4/6 - o**3/2 - 3*o**2/2 + 7*o. Give y(3).
6
Let h(g) = -g**3 - 7*g**2 - 6*g**2 + 1 + 9*g**2 + 6*g + 4. Let z = 14 - 24. Let v be (z/4)/((-1)/(-2)). Calculate h(v).
0
Let g(t) = -t. Let b = -6 + 10. Let v(d) = -4*d - b*d + d + 6*d. Let m(r) = -3*g(r) - v(r). Give m(2).
8
Let l(v) = 3*v - 3 + 21 - 12. Suppose -3*k - 2*y + 0*y + 8 = 0, -y = k - 1. Let f be (-20)/k + (-4)/6. What is l(f)?
-6
Suppose -2*w + 4 = o - 2*o, -2*o = 3*w + 1. Let j = 21 + -15. Let d(a) = j*a + 1 - 3*a - 2. Calculate d(o).
-7
Let j = -8 - -23. Suppose j*b - 12 = 17*b. Let p(a) = -a**2 - 8*a - 3. What is p(b)?
9
Let o(q) = -2*q + 2. Let a be 4/6*(-2 - (7 - 6)). Calculate o(a).
6
Let m(k) be the second derivative of k**7/840 + k**6/180 - k**5/40 - k**4/8 - 7*k**3/6 - 6*k. Let r(a) be the second derivative of m(a). Calculate r(-2).
3
Let x(r) = -4*r - 1. Let v(t) = -11*t - 2. Let s(q) = -3*v(q) + 8*x(q). Calculate s(3).
1
Let v(a) = -a + 12. Let c be v(12). Suppose -f - 7 + 2 = c. Let m(y) = -y + 1. Let z(i) = 2*i - 4. Let x(d) = 3*m(d) + z(d). What is x(f)?
4
Let l(g) be the second derivative of g**4/12 + g**3/6 - g**2 - 4*g. Let j be 2/8 + (-2)/8. Suppose j*z - 3*z = -6. What is l(z)?
4
Let s be 5/((-5)/(-2)) - 1. Let o(w) = 6*w**3 - w**2 + 1. Calculate o(s).
6
Let u(b) = -7 - 1 - b**2 - 4 + 8*b + 3. Give u(6).
3
Let o(s) = s**3 - 14*s**2 + 12*s + 14. Let m be o(13). Suppose 2*g - 30 = 4*c, -2 = -g + m. Let y(z) = -z + 1. What is y(c)?
7
Let l(j) = -2*j**3 + 6*j**2 - 11*j - 9. Let y(o) = 5*o**3 - 12*o**2 + 23*o + 18. Let f(h) = -7*l(h) - 3*y(h). Give f(-7).
2
Let f(n) be the second derivative of n**5/20 + n**4/2 + n**3/2 - 3*n**2 - 36*n. What is f(-6)?
-24
Let v(l) be the second derivative of -l**5/20 - 2*l**4/3 - 5*l**3/6 + 9*l**2/2 - l. Determine v(-7).
-5
Let c(u) = -u**2 + 1. Let k be (-2)/6 + 116/6. Let z = -10 + k. Suppose -5*q + 1 = -z. What is c(q)?
-3
Let x(k) = -k**3 - 7*k**2 - 7*k - 2. Let j be x(-6). Let h(q) = -q**2 + 3*q. Determine h(j).
-4
Let r(a) = -5*a + 3. Let h = 12 - 4. Let q be 12/h*4/3. Calculate r(q).
-7
Let r(l) = l**3 - 4*l**2 - 3*l - 3. Suppose -3*y + 6*y - 2*d = 5, 4*d = 20. Determine r(y).
7
Let k be (1 - (1 + -1)) + -2. Let r(w) = 2*w - 55 + 0*w**2 + 56 - 2*w**2. Calculate r(k).
-3
Let z(j) = -3 + 7 - j**3 - 191*j**2 + 186*j**2. Let s = 6 + -11. Calculate z(s).
4
Let d(j) be the third derivative of -j**4/24 - 5*j**3/6 + j**2. Suppose 47 - 12 = -5*y. Determine d(y).
2
Let x(i) = i - 1. Let c(j) = -j. Let d(z) = 4*c(z) + 3*x(z). Let o be (-4)/(-1)*(-3)/(-4). Calculate d(o).
-6
Let h(j) = -4*j + 0*j + 5*j. Let q(m) = 4*m - 3. Let k(i) = -3*h(i) - q(i). Determine k(2).
-11
Let m(p) = 2*p + 3. Suppose 35 = 3*f - 8*f. Let i = f + 4. Determine m(i).
-3
Let a = 60 + -63. Let i(v) = -2*v + 1. Calculate i(a).
7
Let a(t) be the first derivative of t**3/6 - 3*t**2 + 4*t - 6. Let i(n) be the first derivative of a(n). Give i(6).
0
Let d(t) = -14*t**3 - 14*t**2 + 3*t - 9. Let p(w) = -5*w**3 - 5*w**2 + w - 3. Let y(m) = -6*d(m) + 17*p(m). Let j(a) = a**2 - 3*a + 2. Let k be j(2). Give y(k).
3
Let q(a) = a**2 - a. Let x be q(1). Suppose x = 4*u - t - 20, u = 5*t + 24. Let c(r) = r - 3. Determine c(u).
1
Let s(h) be the first derivative of 2*h**3/3 - h**2 - 2*h - 2. Suppose -2*p - 5*j + 1 = -p, -2*p + 14 = -2*j. Suppose 0 = -3*g - 0*g + p. Give s(g).
2
Suppose -2*m = -10 + 2. Let n(h) = 7*h - 4*h + m*h. Suppose 1 = 3*c - 2. Calculate n(c).
7
Let g(q) = -q**3 - q - 5. Let r = -10 + 10. What is g(r)?
-5
Let d(p) = p**2 + 3*p. Suppose 3*o = -5*s - 20, -3 = 6*s - 3*s. What is d(o)?
10
Let d(x) = -x + 2. Suppose -7 - 8 = -5*k. What is d(k)?
-1
Let q(w) be the third derivative of w**5/60 - w**4/6 - w**3/3 + 13*w**2. Determine q(5).
3
Let t(s) = -4*s**2 + 6. Suppose -p + 2*f = -2*f + 20, 5*p = -3*f - 31. Let h(y) = -11*y**2 + 17. Let b(l) = p*t(l) + 3*h(l). Give b(3).
-6
Let k(m) = m - 3. Let o be k(0). Let j be (o/9*0)/(-2). Let p(q) = q**2 - q**3 + 0*q**2 + 0*q**2. What is p(j)?
0
Let m(n) = n - 2. Let q be m(-4). Let c = q + 9. Let d(x) = -1 + 4 + c - x. Determine d(3).
3
Suppose -15 = -2*u + 5*d + 12, 3*d = -2*u - 13. Let v(m) be the third derivative of -m**4/6 + m**3/6 + m**2. Determine v(u).
-3
Suppose -2*m = -i + 18, 0 = -0*m + 2*m - 5*i + 26. Let q = -10 - m. Let s(o) = -o**2 - 2. Determine s(q).
-6
Let o(i) = -i**2 + 2*i + 1. Let h(q) = q**2 - 1. Let w(u) = -3*h(u) - o(u). Calculate w(2).
-10
Let g(m) = m**3 + 5*m**2 + 5*m + 1. Let p be g(-4). Let b(t) = -t**2 - t. What is b(p)?
-6
Let k(w) = -w**3 + 3*w**2 + 2*w + 5. Suppose -4*x = -0*x - 2*t - 8, 5*x - 12 = 2*t. What is k(x)?
-3
Suppose -3*v = -2*v - 2. Let m(a) = 5*a**3 - 5*a**2 - a + 6. Let j(g) = g**3 - g**2 + 1. Let o(y) = 6*j(y) - m(y). Determine o(v).
6
Suppose -h = 2*h + 30. Let w(u) = -3*u + 15. Let o(q) = 2*q - 7. Let j(s) = 5*o(s) + 3*w(s). Let g be j(h). Let b(r) = r + 5. Determine b(g).
5
Let b(c) = -c + 2. Let t(m) = -m + 2. Let f(l) = -4*b(l) + 5*t(l). Suppose 6 = -6*h + 9*h. Calculate f(h).
0
Let h(f) = 4 + 0 + 3*f**3 + 1166*f**2 - 3 - 1164*f**2. Give h(-2).
-15
Let i(r) be the first derivative of -3*r - 1 + 1/2*r**2 - 1/3*r**3. Suppose t = -0*t. Calculate i(t).
-3
Let s(c) be the second derivative of -1/2*c**2 - 4/3*c**3 + 0 - 1/12*c**4 - 5*c. What is s(-5)?
14
Let s(x) = 2*x + 5. Let b(j) = j - 1. Suppose 0 = -2*h + 2*f - 4, 2*f + 1 = 